1
Let g(q) = -q**3 + 8*q**2 - 6*q + 15. Calculate g(6).
51
Let h(d) = -d**2 - 8*d - 10. Determine h(-5).
5
Let r(o) = 6*o - 32. Give r(5).
-2
Let f(a) = -8*a - 3. Give f(3).
-27
Let y(q) = q**3 + 9*q**2 + 11*q + 4. Give y(-7).
25
Let q(c) = c**3 + 3*c**2 - 7*c - 10. Calculate q(-4).
2
Let j(h) = -4*h**2 + 25*h + 8. What is j(8)?
-48
Let p(y) = -9*y + 15. Calculate p(2).
-3
Let x(j) = -2*j + 19. Give x(-3).
25
Let z(h) = h**3 + h**2 - 5*h + 2. What is z(3)?
23
Let c(q) = -q**2 - 7*q + 45. Calculate c(-7).
45
Let f(i) = -6*i - 4. What is f(-2)?
8
Let s(x) = -x**2 + 9*x + 6. Determine s(10).
-4
Let z(j) = -j**2 - 13*j + 17. Give z(-14).
3
Let l(m) = 2*m**3 + 4*m**2 + 5*m + 4. Give l(-2).
-6
Let z(y) = 5*y**3 + y**2 - y - 1. Calculate z(-1).
-4
Let r(w) = -2*w - 10. Give r(-8).
6
Let q(f) = 8*f + 15. What is q(-9)?
-57
Let o(l) = 3*l**2 + 2*l + 3. Calculate o(-1).
4
Let o(j) = -25*j - 163. Give o(-9).
62
Let p(y) = -2*y**2 + 11*y - 10. Determine p(6).
-16
Let n(y) = -2*y**3 + 29*y**2 + 15*y + 12. What is n(15)?
12
Let c(r) = 3*r**2 + r - 60. Give c(0).
-60
Let r(t) = 2*t - 3. Determine r(1).
-1
Let g(u) = -30*u**2 + u. What is g(1)?
-29
Let t(q) = -107*q**2 - 1. Calculate t(-1).
-108
Let y(n) = 8*n + 344. Determine y(-42).
8
Let t(k) = k**3 + 10*k**2 + 10. Calculate t(-10).
10
Let i(o) = 10*o**2 + 4*o - 5. Give i(1).
9
Let c(k) = k**3 + 11*k**2 + 8*k - 11. Calculate c(-10).
9
Let o(y) = y**3 - 6*y**2 + 6*y + 6. Give o(5).
11
Let u(b) = b**3 - 8*b**2 + 9*b - 8. Calculate u(7).
6
Let r(o) = 2*o**2 - 3*o - 12. Calculate r(-2).
2
Let j(k) = -k**3 - k**2 + 6*k - 2. Determine j(5).
-122
Let a(o) = 6*o + 22. What is a(-3)?
4
Let y(q) = q**3 - 7*q**2 + 9*q - 7. Give y(7).
56
Let c(a) = 4*a - 43. What is c(10)?
-3
Let s(g) = -5*g + 18. Give s(5).
-7
Let r(v) = -v**2 - 20*v - 26. Calculate r(-19).
-7
Let s(x) = 16*x**2 + x - 2. Calculate s(1).
15
Let d(l) = -l**3 - 11*l**2 + 10*l - 21. Determine d(-12).
3
Let c(b) = -b**2 - 16*b - 28. Determine c(-14).
0
Let m(f) = 12*f**2 - 7*f + 3. What is m(1)?
8
Let f(p) = p**3 - 16*p**2 + 12*p + 37. What is f(15)?
-8
Let q(a) = a**3 - 30*a**2 - 30*a - 49. Calculate q(31).
-18
Let l(t) = -2*t**2 - 35*t - 25. Give l(-17).
-8
Let j(f) = 3*f**2 - f + 2. Calculate j(-2).
16
Let y(o) = -o**2 - 56*o - 212. What is y(-4)?
-4
Let p(o) = 2*o**3 - 24*o**2 + 38*o. Give p(11).
176
Let s(h) = 2*h**3 + 13*h**2 - 26*h + 3. Determine s(-8).
19
Let r(i) = 2*i**2 + 13*i - 4. Determine r(-9).
41
Let y(u) = 2*u**2 + 60*u - 212. Calculate y(-33).
-14
Let q(s) = -28*s - 1. Give q(2).
-57
Let j(a) = -6*a**3 + 2*a**2 + 2*a - 3. Give j(2).
-39
Let a(i) = -i + 12. What is a(-11)?
23
Let p(r) = -11*r + 49. Determine p(4).
5
Let x(p) = p**3 - 10*p**2 + 8*p - 7. Determine x(9).
-16
Let d(c) = -3*c**2 + 6*c - 3. Calculate d(3).
-12
Let o(v) = -2*v**3 + 13*v**2 - v + 63. What is o(7)?
7
Let s(b) = 136*b + 2992. Give s(-22).
0
Let t(f) = f**3 - 6*f**2 + 6*f - 3. Calculate t(3).
-12
Let i(x) = 46*x**2 + 2*x + 2. Calculate i(-1).
46
Let o(r) = -21*r - 3. Give o(-1).
18
Let z(j) = -8*j + 6. Calculate z(9).
-66
Let q(y) = -2*y - 24. Calculate q(-9).
-6
Let z(p) = -p**2 + 12*p - 27. Give z(6).
9
Let t(g) = -g**3 + 8*g**2 - 10*g - 7. Give t(6).
5
Let r(h) = -h**3 + h**2 + 6. Determine r(0).
6
Let o(b) = -b - 25. What is o(-11)?
-14
Let z(n) = -29*n**3 - 2*n**2 + 1. Give z(-1).
28
Let p(n) = -4*n**2. Calculate p(3).
-36
Let a(h) = h**3 - 3*h**2 - 1. What is a(3)?
-1
Let k(j) = 14*j + 140. Determine k(-10).
0
Let d(t) = -t**2 - 11*t - 2. Calculate d(-11).
-2
Let d(y) = -y**3 - 3*y**2 + 5*y + 4. Determine d(-3).
-11
Let x(d) = -d**3 + 24*d**2 - 2*d + 58. What is x(24)?
10
Let v(m) = -m**3 + 7*m**2 - 3*m + 3. Determine v(7).
-18
Let c(r) = -r**3 - 6*r**2 - 7*r - 5. What is c(-4)?
-9
Let c(d) = -6*d**2 - d - 8. What is c(-3)?
-59
Let p(l) = 4*l + 5. Give p(6).
29
Let h(n) = n + 3. What is h(-4)?
-1
Let h(q) = -q**2 - 17*q + 75. Give h(-20).
15
Let c(h) = 2*h - 5. Give c(-4).
-13
Let i(x) = 5*x**2 - x - 10. Give i(0).
-10
Let o(g) = g**2 + 5*g - 4. Determine o(-8).
20
Let r(b) = -8*b**3 + b**2 - 2. Give r(1).
-9
Let b(z) = -z**2 - 2*z + 6. Give b(-6).
-18
Let k(v) = -v - 14. Determine k(-9).
-5
Let l(x) = 2*x - 1. Calculate l(-1).
-3
Let d(k) = k**3 - 17*k**2 - 39*k + 23. Give d(19).
4
Let d(f) = f**2 + 21*f + 93. Calculate d(-7).
-5
Let a(y) = -8*y - 20. Determine a(-4).
12
Let x(s) = s**3 + 5*s**2 + 6*s + 4. Give x(-3).
4
Let m(w) = -2*w + 9. Determine m(11).
-13
Let z(h) = h**3 - 6*h**2 - 3*h - 34. What is z(7)?
-6
Let i(x) = x**3 + 5*x**2 + x - 6. Give i(-4).
6
Let a(c) = 2*c**2 - 15*c + 11. Determine a(6).
-7
Let g(k) = -k**3 + 75*k**2 + 159*k - 383. Give g(77).
2
Let y(g) = g**3 - 15*g**2 - g + 10. What is y(15)?
-5
Let n(g) = 5*g + 89. Determine n(-18).
-1
Let a(y) = -y**2 - 17*y + 9. Calculate a(-15).
39
Let z(s) = s**3 - 21*s**2 - 70*s - 43. Calculate z(24).
5
Let y(n) = -n**2 + 9*n + 57. Give y(15).
-33
Let r(p) = -2*p**2 + 2*p + 6. Calculate r(4).
-18
Let z(f) = 7*f + 1. Calculate z(-1).
-6
Let n(u) = 2*u**2 + 1. Calculate n(-1).
3
Let m(a) = -a**2 + 14*a + 3. Give m(13).
16
Let g(u) = 7*u**2 + 2. Give g(3).
65
Let l(j) = 2*j + 44. Give l(0).
44
Let b(n) = -2*n**2 - 34*n + 42. What is b(-18)?
6
Let z(j) = -3*j**2 + 5*j - 15. Give z(4).
-43
Let d(a) = -a**3 - 10*a**2 - 2*a + 7. Give d(-10).
27
Let v(j) = j**3 - 2*j**2 - j - 4. Give v(3).
2
Let j(i) = i**3 + 7*i**2 + 6*i - 4. Determine j(-6).
-4
Let q(i) = i**3 - 3*i**2 - 6*i + 8. What is q(2)?
-8
Let q(h) = h**3 - 9*h**2 + 7*h + 1. Calculate q(8).
-7
Let y(z) = -3*z**2 + 8*z - 12. Give y(2).
-8
Let t(c) = -4*c**3 + 49*c**2 - 16*c + 51. Calculate t(12).
3
Let g(u) = -u**3 - 10*u**2 - 10*u - 1. Determine g(-7).
-78
Let z(s) = s**3 - 4*s**2 - 5. What is z(4)?
-5
Let q(m) = m**3 + 12*m**2 - 8*m + 61. Give q(-13).
-4
Let j(z) = z**3 - 10*z**2 + 15*z + 4. What is j(8)?
-4
Let v(w) = -w + 36. Give v(0).
36
Let r(x) = x**2 - 20*x + 11. Calculate r(17).
-40
Let w(b) = -32*b - 32. Give w(-5).
128
Let j(n) = -n**3 + 40*n**2 + 129*n + 3. Give j(43).
3
Let h(g) = -g**3 - 8*g**2 - 8*g - 16. Give h(-7).
-9
Let v(g) = -35*g - 259. Calculate v(-9).
56
Let j(p) = -8*p + 15. Determine j(8).
-49
Let h(j) = 11*j**2 + 2*j - 16. Give h(3).
89
Let g(v) = -7*v**3 + v**2 + 4*v + 3. Give g(-1).
7
Let l(t) = -t**2 + 11*t - 17. Determine l(8).
7
Let q(u) = 9*u - 2. Determine q(-5).
-47
Let q(w) = -w**3 + 7*w**2 + 8*w - 2. Calculate q(8).
-2
Let a(u) = u**2 + 5*u + 2. Determine a(-3).
-4
Let q(n) = -7*n**3 - 1. What is q(1)?
-8
Let p(i) = 6*i + 95. Determine p(-14).
11
Let m(n) = 3*n + 7. Give m(-10).
-23
Let b(y) = -y - 7. Calculate b(-9).
2
Let r(i) = -6*i**3 - 5*i**2 - i - 2. Calculate r(-2).
28
Let x(r) = r**3 - 13*r**2 + 12*r + 12. What is x(12)?
12
Let c(j) = 10*j - 12. Calculate c(1).
-2
Let w(k) = 8*k - 12. Determine w(7).
44
Let n(m) = -15*m + 46. Determine n(3).
1
Let n(r) = 8*r + 34. What is n(-16)?
-94
Let k(t) = 5*t + 71. Determine k(-13).
6
Let c(f) = 7*f + 10. Determine c(-2).
-4
Let y(h) = -h**3 + 3*h**2 + 4*h - 12. Give y(3).
0
Let y(m) = 8*m - 32. Determine y(5).
8
Let k(d) = 9*d**3 - 3*d**2 - 2*d + 4. Calculate k(1).
8
Let h(l) = 42*l - 1. Determine h(1).
41
Let a(d) = -d**3 + 8*d**2 - 5*d + 2. Determine a(6).
44
Let k(q) = -q**2 - 21*q + 141. Determine k(6).
-21
Let h(y) = -2*y + 27. Determine h(16).
-5
Let j(v) = -v**2 - 24*v + 30. Calculate j(-24).
30
Let f(p) = -3*p**3 + 15*p**2 + 2*p - 9. What is f(5)?
1
Let n(m) = 4*m**2 + m - 10. What is n(-3)?
23
Let r(a) = 4*a**2 + 2*a - 5. Give r(2).
15
Let t(g) = g**3 + 6*g**2 + 7*g + 2. Calculate t(-5).
-8
Let v(s) = -2*s**3 + 16*s**2 - 11*s + 22. Give v(7).
43
Let v(p) = -3*p**2 - 4*p. Determine v(-2).
-4
Let d(c) = -c**3 - 3*c - 2. Determine d(-2).
12
Let s(r) = r**2 + 2*r + 6. Determine s(-4).
14
Let x(u) = 4*u**2 - 2*u + 1. Calculate x(-3).
43
Let q(p) = p**2 - 13*p - 11. Give q(12).
-23
Let q(r) = -r**3 - 3*r**2 + r - 3. Give q(-3).
-6
Let h(l) = l**3 - 11*l**2 + 17*l + 7. Calculate h(8).
-49
Let u(m) = 15*m**3 - m**2 + 2*m + 3. Calculate u(-1).
-15
Let h(q) = q**3 - 7*q**2 - 43*q - 6. What is h(11)?
5
Let n(p) = -p**3 - 8*p**2 - 5*p + 2. Give n(-3).
-28
Let r(j) = -38*j - 408. Calculate r(-11).
10
Let x(u) = 3*u - 19. Determine x(13).
20
Let l(t) = 2*t**3 - 